 = -2*a - 0*a - 130, 4*t + 5*a = 260. What is the remainder when (d/5)/((-1)/t) is divided by 14?
12
Suppose -6*d - 201 - 44 = -13*d. Calculate the remainder when 524 is divided by d.
34
Let q be -2*(-10)/(-8)*(-52)/65. Suppose q*d - 5 = 9. What is the remainder when 14 is divided by d?
0
Suppose -842 = -2*m + 2*u, 0 = m + 2*u + 443 - 855. What is the remainder when m is divided by 37?
11
Let l = 160 - 188. What is the remainder when (-7)/(l/156) - (0 - -2) is divided by 20?
17
Let r(h) = 49*h**2 + 113*h + 3. Let v be r(-5). Let b = v + -590. What is the remainder when 291 is divided by b?
72
Let k = -2631 - -2956. Suppose -2*o = -2*l + 80, 2*l - 79 = o + 2*o. What is the remainder when k is divided by l?
38
Calculate the remainder when 520*(-57)/(-38) + 6 + 3 is divided by 99.
96
Suppose 4*y + 20 = -4*g, 4*g - 4*y + 4 = -0*g. Let h be g/4 + 1 - 14190/120. Let p = h + 218. What is the remainder when p is divided by 52?
48
Let b = -55 - -58. Suppose -4*o + 104 = -256. Suppose 3 - o = -b*f. Calculate the remainder when 82 is divided by f.
24
Let p(m) = 26*m + 45. Let t be p(3). Suppose 0 = 4*l - 4*j - 108, -5*l = -2*j - t - 0. What is the remainder when l is divided by 15?
8
Let v = -17 + 43. Let a(g) = 2*g**2 + 9*g + 8. Let j be a(-4). Suppose -3*b = j*q - 16, q + 0 = -5*b - 13. Calculate the remainder when v is divided by q.
5
Suppose i + 4*g - 23 = 0, 0*g + 115 = 5*i + 4*g. Calculate the remainder when (-441)/(-15) - -2 - (-6)/10 is divided by i.
9
Let u(w) = 0*w + w + 0*w + 18 - 2*w. Let i(t) = -t**3 + 6*t**2 - 4*t - 9. Let r be i(4). Calculate the remainder when u(r) is divided by 2.
1
Let q = 2731 - 2699. Calculate the remainder when 1308 is divided by q.
28
Let y = -6079 + 6098. What is the remainder when 1913 is divided by y?
13
Suppose -5*d + 20 = 0, 3*d + 33 - 15 = 3*p. Calculate the remainder when 317 is divided by p.
7
Let j = -17350 + 17859. Calculate the remainder when j is divided by 65.
54
Let c(g) = 2*g**3 - 17*g**2 - 194*g - 11. Calculate the remainder when 941 is divided by c(-6).
69
Let h be ((-252)/54)/((-2)/9). Let f = -18 + h. Suppose 5*l + 0*l - 245 = -5*b, f*b - 57 = -l. What is the remainder when l is divided by 24?
21
Let h(v) = -v - 4. Suppose -2*w = -w + 5*d - 1, 5*w + 2*d - 74 = 0. What is the remainder when (-3 - -17)/(w/8) is divided by h(-6)?
1
Let l(o) = 1020*o**2 + 175*o - 3. What is the remainder when l(-5) is divided by 152?
150
Suppose -5*g - 3*d + 120 = 0, -5*g + 112 - 2 = 5*d. What is the remainder when 1887 is divided by g?
24
Let b be (-6)/(-21) + 52/14. Suppose 0 = -q - 4*m + 5*m + 7, 21 = b*q + 3*m. Let c = 20340 - 20323. Calculate the remainder when c is divided by q.
5
Let c(m) = -6*m**2 + 127*m + 111. What is the remainder when 207 is divided by c(22)?
0
Let w = -183 + 238. Calculate the remainder when 153 is divided by w.
43
Suppose -4*p - 1388 = 1708. Let c = p + 786. Calculate the remainder when 35 is divided by c.
11
Let s = 72 - 14. Suppose 231*f = 155*f + 2280. What is the remainder when s is divided by f?
28
Let o = -2755 + 2766. What is the remainder when 195 is divided by o?
8
Suppose 2*m - p = p + 472, 732 = 3*m + 5*p. Let y = m + -203. What is the remainder when 104 is divided by y?
32
Suppose 0 = -14*a - 10*a + 360. Let d(o) = -o + 44. What is the remainder when 156 is divided by d(a)?
11
Let t be (-6 - (-145)/20)*4. Suppose 4*f - t*j + 10*j = 347, 77 = f - 2*j. What is the remainder when f is divided by 38?
7
What is the remainder when (-77)/(10/225*(-6)/20) is divided by 53?
51
Let a = -45573 - -45587. Suppose -3*l + 5*m = -100, -50 = 5*l + 3*m - 228. What is the remainder when l is divided by a?
7
Suppose -2*h + 343 = 5*u, h - 695 = -3*h - u. Suppose -29*q + 8*q = -462. What is the remainder when h is divided by q?
20
Suppose 0 = -u + 5*n + 13, 4*u + 1 = 4*n + 37. Let t be -125 + (5 - -1)/((-9)/(-6)). Let v = -117 - t. What is the remainder when u is divided by v?
0
Let f = -18 - -60. Let x = 27447 + -27426. Calculate the remainder when f is divided by x.
0
Let g(q) = q**3 - 14*q**2 - 61*q + 89. What is the remainder when g(18) is divided by 68?
15
Let s = 595 - 543. Let d(p) = p. What is the remainder when s is divided by d(11)?
8
Suppose 94*n - 44 = -2*v + 92*n, -2*n = -2*v + 24. What is the remainder when 1137 is divided by v?
15
Let n be (58/(-6) + 0)*-3. Let m = n + 33. Calculate the remainder when m is divided by 13.
10
Suppose -5*i + 4*g + 432 = 0, -5*i - 5*g + 86 + 364 = 0. Suppose -h - 5*p - 240 = -6*h, -5*p = -2*h + 99. What is the remainder when i is divided by h?
41
Suppose -16*l + 15*l = 4*w - 24476, 0 = l + 4. Suppose 14*o = 32*o - w. What is the remainder when o is divided by 69?
64
Suppose 4*w - 3*i = 107, -4*w + 3*w = -2*i - 28. What is the remainder when w is divided by (-27)/5*20*(-6)/72?
8
Let h = -13 + 23. Let m(o) = 42*o**2 + 6*o + 7. Let u be m(-1). Let c = u - 39. Calculate the remainder when h is divided by c.
2
Let u(r) = r**3 + r**2 + 3*r + 99. Let a be u(0). Let k = 182 - a. Suppose 0 = -v + 17 + 5. Calculate the remainder when k is divided by v.
17
Let u(w) = -7*w**2 - 2*w**3 + 2*w - 4*w**2 - 5 + 9*w**2 - 6*w. What is the remainder when 29*(2 + 1)*1 is divided by u(-2)?
10
Let a(c) = c**3 - c + 7. Let p be a(0). Suppose -p*f - 60 = -10*f. Calculate the remainder when 6 is divided by 50/f*6/5.
0
Let v(i) = 7*i - 2. Let c be v(-4). Let u = c + 47. What is the remainder when (-2100)/54*-3 - 8/6*-1 is divided by u?
16
Suppose -96*q + 25063 = 19495. What is the remainder when 8/36 - (-3002)/18 is divided by q?
51
Let b(z) = z**2 - z - 12. Let d be b(-5). Suppose 4*g = -6 + d. Calculate the remainder when g is divided by 1.
0
Let c(h) = 72*h + 1150. Calculate the remainder when c(-12) is divided by 132.
22
Suppose 2*x - 3*i = -6*i + 7, 0 = x + 5*i. Suppose -x*m = -4*a - a - 85, m = -a + 13. Calculate the remainder when 26 is divided by m.
11
Let r(c) = 8*c**2 - c - 19. Let q = 449 - 452. Calculate the remainder when 131 is divided by r(q).
19
Calculate the remainder when ((3 + 23)/52)/((-3)/(-14886)) is divided by 69.
66
Let j be (-848)/6*6/4. Let p = 47 - j. Calculate the remainder when p is divided by 87.
85
Let m be ((-12)/4)/(-4 + 3). Suppose -m*k - 3 = 3. Calculate the remainder when (5 - 0) + 224 + k is divided by 23.
20
Suppose 449*p - 455*p = 12. Calculate the remainder when (-24)/96 - 2343/24*p is divided by 37.
10
Suppose -3*b = -8*b - 360. Let n = b + 129. Let j = -54 + n. Calculate the remainder when 20 is divided by j.
2
Suppose 2*o = 3*d + 81 + 59, 298 = 4*o + 3*d. Suppose -102 = -7*r + o. Suppose 0 = -4*j + 8*j - 480. Calculate the remainder when j is divided by r.
20
Let m(z) = 24*z**2 + 2*z - 1. Let v be 2 - ((-1)/(-4))/((-19)/(-152)). Suppose -90*w + 100*w - 950 = v. Calculate the remainder when w is divided by m(1).
20
Let v(f) = 2*f + f**2 - 2*f - 4*f + 3*f. Suppose -12*w = 4*d - 10*w - 230, 5*w = 4*d - 223. Calculate the remainder when d is divided by v(6).
27
What is the remainder when 1293 is divided by 35/4*252/693 + 2/(-11)?
0
Suppose k - b - 25 = -2*k, 0 = -2*b + 4. Suppose -k*a - 26 = -11*a. What is the remainder when 85 is divided by a?
7
Suppose -5*t + 3*m - 2*m = 120, 3*m + 15 = 0. Let n = -23 - t. Suppose 0 = n*j, 2*y = -0*j + j + 14. What is the remainder when 34 is divided by y?
6
Let c(z) = -81*z + 14. Let w be c(3). Let n = -98 - w. Calculate the remainder when n is divided by 11.
10
Let y be (-690)/(-50) - (-8)/(-10). Suppose y*k = 5*k + 584. What is the remainder when k is divided by 26?
21
Let d(o) = -o**2 - 28*o + 2575. Calculate the remainder when 10367 is divided by d(37).
167
Let w(o) = o**3 - 8*o**2 - 5*o + 4. Let h = 45 - 36. Suppose 0 = 5*a - 54 + h. What is the remainder when w(a) is divided by 6?
4
Suppose -p = -3*w - 170, -w + 929 - 95 = 5*p. What is the remainder when 984 is divided by p?
149
Let l = -1226 + 868. Let x = -326 - l. What is the remainder when 50 is divided by x?
18
Suppose 6*p = 5*o - 158, -51 + 11 = 5*p. Calculate the remainder when 118 is divided by o.
8
Let r = 1804 - 1796. What is the remainder when 1101 is divided by r?
5
Let f(b) = -707*b - 1168. What is the remainder when f(-2) is divided by 10?
6
Suppose -2*f + 3*f - 36 = 0. Suppose 0 = 7*l + 5 - 26. Suppose 35 = l*s + 4*n, 3*s + 2*n - 